{"id":128,"date":"2022-12-11T13:56:49","date_gmt":"2022-12-11T13:56:49","guid":{"rendered":"https:\/\/www.bosphoruspatent.com\/?page_id=128"},"modified":"2022-12-11T13:56:49","modified_gmt":"2022-12-11T13:56:49","slug":"entegre-devrelerin-topografyalari","status":"publish","type":"page","link":"https:\/\/www.bosphoruspatent.com\/?page_id=128","title":{"rendered":"Entegre Devrelerin Topografyalar\u0131"},"content":{"rendered":"\n<p style=\"font-size:14px\"><strong>Entegre Devre:&nbsp;<\/strong>Elektronik bir i\u015flevi veya bunun yan\u0131nda di\u011fer fonksiyonlar\u0131 yerine getirmek \u00fczere tasarlanm\u0131\u015f, en az bir aktif eleman\u0131 olan ve ara ba\u011flant\u0131lardan bir k\u0131sm\u0131n\u0131n ya da t\u00fcm\u00fcn\u00fcn bir par\u00e7a malzeme i\u00e7erisinde ve\/veya \u00fczerinde bir araya getirilmi\u015f ara veya son formdaki bir \u00fcr\u00fcnd\u00fcr.<\/p>\n\n\n\n<p style=\"font-size:14px\"><strong>Entegre Devre Topografyas\u0131:&nbsp;<\/strong>Entegre devreyi olu\u015fturan tabakalar\u0131n \u00fc\u00e7 boyutlu dizilimini g\u00f6steren \u00fcretim amac\u0131yla haz\u0131rlanm\u0131\u015f ve herhangi bir formatta sabitlenmi\u015f g\u00f6r\u00fcnt\u00fcler dizisi olup, her g\u00f6r\u00fcnt\u00fc entegre devrenin \u00fcretiminin herhangi bir a\u015famas\u0131ndaki y\u00fczeyinin tamam\u0131n\u0131n veya bir k\u0131sm\u0131n\u0131n g\u00f6r\u00fcn\u00fcm\u00fcd\u00fcr.<\/p>\n\n\n\n<p style=\"font-size:14px\">Orijinal niteli\u011fe sahip entegre devre topografyalar\u0131 tescil belgesi verilerek korunur. S\u00f6z konusu koruma, entegre devre topografyas\u0131n\u0131n dayand\u0131\u011f\u0131, i\u00e7erik, i\u015flem suresi, sistem veya tekniklere veya mikro elektronik yar\u0131 iletken \u00fcr\u00fcnde saklanan bilgiye uygulanmaz. Koruma kapsam\u0131 ayr\u0131ca, yap\u0131s\u0131nda koruma alt\u0131na al\u0131nm\u0131\u015f bir entegre devre topografyas\u0131 bulunduran entegre devrenin, herhangi bir \u00fcr\u00fcnde kullan\u0131l\u0131p kullan\u0131lmamas\u0131na ba\u011fl\u0131 de\u011fildir.<\/p>\n\n\n\n<p style=\"font-size:14px\">Bir entegre devre topografyas\u0131, yarat\u0131c\u0131s\u0131n\u0131n kendi fikri \u00e7abas\u0131 sonucu ortaya \u00e7\u0131km\u0131\u015f ve yaratma s\u0131ras\u0131nda entegre devre \u00fcreticileri ve entegre devre topografyas\u0131 yarat\u0131c\u0131lar\u0131 aras\u0131nda s\u0131radan olarak kabul edilmiyor ve bilinmiyor ise orjinaldir.<\/p>\n","protected":false},"excerpt":{"rendered":"<p>Entegre Devre:&nbsp;Elektronik bir i\u015flevi veya bunun yan\u0131nda di\u011fer fonksiyonlar\u0131 yerine getirmek \u00fczere tasarlanm\u0131\u015f, en az bir aktif eleman\u0131 olan ve ara ba\u011flant\u0131lardan bir k\u0131sm\u0131n\u0131n ya da t\u00fcm\u00fcn\u00fcn bir par\u00e7a malzeme i\u00e7erisinde ve\/veya \u00fczerinde bir araya getirilmi\u015f ara veya son formdaki bir \u00fcr\u00fcnd\u00fcr. Entegre Devre Topografyas\u0131:&nbsp;Entegre devreyi olu\u015fturan tabakalar\u0131n \u00fc\u00e7 boyutlu dizilimini g\u00f6steren \u00fcretim amac\u0131yla haz\u0131rlanm\u0131\u015f &hellip; <\/p>\n<p class=\"link-more\"><a href=\"https:\/\/www.bosphoruspatent.com\/?page_id=128\" class=\"more-link\">Okumaya devam et<span class=\"screen-reader-text\"> &#8220;Entegre Devrelerin Topografyalar\u0131&#8221;<\/span><\/a><\/p>\n","protected":false},"author":1,"featured_media":0,"parent":0,"menu_order":0,"comment_status":"closed","ping_status":"closed","template":"","meta":[],"_links":{"self":[{"href":"https:\/\/www.bosphoruspatent.com\/index.php?rest_route=\/wp\/v2\/pages\/128"}],"collection":[{"href":"https:\/\/www.bosphoruspatent.com\/index.php?rest_route=\/wp\/v2\/pages"}],"about":[{"href":"https:\/\/www.bosphoruspatent.com\/index.php?rest_route=\/wp\/v2\/types\/page"}],"author":[{"embeddable":true,"href":"https:\/\/www.bosphoruspatent.com\/index.php?rest_route=\/wp\/v2\/users\/1"}],"replies":[{"embeddable":true,"href":"https:\/\/www.bosphoruspatent.com\/index.php?rest_route=%2Fwp%2Fv2%2Fcomments&post=128"}],"version-history":[{"count":1,"href":"https:\/\/www.bosphoruspatent.com\/index.php?rest_route=\/wp\/v2\/pages\/128\/revisions"}],"predecessor-version":[{"id":130,"href":"https:\/\/www.bosphoruspatent.com\/index.php?rest_route=\/wp\/v2\/pages\/128\/revisions\/130"}],"wp:attachment":[{"href":"https:\/\/www.bosphoruspatent.com\/index.php?rest_route=%2Fwp%2Fv2%2Fmedia&parent=128"}],"curies":[{"name":"wp","href":"https:\/\/api.w.org\/{rel}","templated":true}]}}