{"id":139,"date":"2022-12-11T14:16:23","date_gmt":"2022-12-11T14:16:23","guid":{"rendered":"https:\/\/www.bosphoruspatent.com\/?page_id=139"},"modified":"2022-12-11T14:16:23","modified_gmt":"2022-12-11T14:16:23","slug":"sozlesmeler","status":"publish","type":"page","link":"https:\/\/www.bosphoruspatent.com\/?page_id=139","title":{"rendered":"S\u00f6zle\u015fmeler"},"content":{"rendered":"\n<p>\u015eirketimiz; AT\u0130P\u0130K&nbsp; ve KARMA S\u00d6ZLE\u015eMELER olan<\/p>\n\n\n\n<ul>\n<li><strong>L\u0130SANS,<\/strong><\/li>\n\n\n\n<li><strong>KNOW-HOW<\/strong><\/li>\n\n\n\n<li><strong>D\u0130STR\u0130B\u00dcT\u00d6RL\u00dcK<\/strong><\/li>\n\n\n\n<li><strong>FRANCHISING<\/strong><\/li>\n\n\n\n<li><strong>JOINT VENTURE<\/strong><\/li>\n\n\n\n<li><strong>TEK SATICILIK<\/strong><\/li>\n\n\n\n<li><strong>BAY\u0130L\u0130K<\/strong>&nbsp;s\u00f6zle\u015fmelerinin &nbsp;haz\u0131rlanmas\u0131 ile<\/li>\n\n\n\n<li><strong>YERL\u0130 ve YABANCI SERMAYEL\u0130 \u015e\u0130RKET KURULU\u015eLARI<\/strong><\/li>\n\n\n\n<li><strong>SERMAYE ARTTIRIMLARI, \u015e\u0130RKET B\u0130RLE\u015eMELER\u0130<\/strong><\/li>\n<\/ul>\n\n\n\n<p>Alanlar\u0131nda dan\u0131\u015fmanl\u0131k hizmeti vermektedir.<\/p>\n","protected":false},"excerpt":{"rendered":"<p>\u015eirketimiz; AT\u0130P\u0130K&nbsp; ve KARMA S\u00d6ZLE\u015eMELER olan Alanlar\u0131nda dan\u0131\u015fmanl\u0131k hizmeti vermektedir.<\/p>\n","protected":false},"author":1,"featured_media":0,"parent":0,"menu_order":0,"comment_status":"closed","ping_status":"closed","template":"","meta":[],"_links":{"self":[{"href":"https:\/\/www.bosphoruspatent.com\/index.php?rest_route=\/wp\/v2\/pages\/139"}],"collection":[{"href":"https:\/\/www.bosphoruspatent.com\/index.php?rest_route=\/wp\/v2\/pages"}],"about":[{"href":"https:\/\/www.bosphoruspatent.com\/index.php?rest_route=\/wp\/v2\/types\/page"}],"author":[{"embeddable":true,"href":"https:\/\/www.bosphoruspatent.com\/index.php?rest_route=\/wp\/v2\/users\/1"}],"replies":[{"embeddable":true,"href":"https:\/\/www.bosphoruspatent.com\/index.php?rest_route=%2Fwp%2Fv2%2Fcomments&post=139"}],"version-history":[{"count":1,"href":"https:\/\/www.bosphoruspatent.com\/index.php?rest_route=\/wp\/v2\/pages\/139\/revisions"}],"predecessor-version":[{"id":141,"href":"https:\/\/www.bosphoruspatent.com\/index.php?rest_route=\/wp\/v2\/pages\/139\/revisions\/141"}],"wp:attachment":[{"href":"https:\/\/www.bosphoruspatent.com\/index.php?rest_route=%2Fwp%2Fv2%2Fmedia&parent=139"}],"curies":[{"name":"wp","href":"https:\/\/api.w.org\/{rel}","templated":true}]}}