{"id":41,"date":"2022-12-10T23:23:21","date_gmt":"2022-12-10T23:23:21","guid":{"rendered":"https:\/\/www.bosphoruspatent.com\/?page_id=41"},"modified":"2022-12-11T16:12:49","modified_gmt":"2022-12-11T16:12:49","slug":"endustriyel-tasarim","status":"publish","type":"page","link":"https:\/\/www.bosphoruspatent.com\/?page_id=41","title":{"rendered":"End\u00fcstriyel Tasar\u0131m"},"content":{"rendered":"\n<p style=\"font-size:14px\">End\u00fcstriyel tasar\u0131m tescili ile sa\u011flanan koruma, ba\u015fvuru tarihiden itibaren 25 y\u0131l\u0131 kapsar. Ancak ba\u015fvuru tarihinden itibaren 5\u2019er y\u0131ll\u0131k d\u00f6nemlerde gerekli \u00fccretlerin \u00f6denmesi suretiyle 5 y\u0131l i\u00e7in End\u00fcstriyel tasar\u0131m tescil belgesi yenilenebilir. Bu \u015fartla \u00a0koruma, ba\u015fvuru tarihiden itibaren 25 y\u0131l\u0131 kapsar . Bu tarihten sonra tasar\u0131m art\u0131k kamuya malolur ve herkes taraf\u0131ndan \u00f6zg\u00fcrce kullan\u0131labilinir.<\/p>\n\n\n\n<p style=\"font-size:14px\">End\u00fcstriyel tasar\u0131mlar sadece tescil edildikleri \u00fclkeler i\u00e7in koruma sa\u011flar. Bu itibarla T\u00fcrkiye\u2019de tescil edilmi\u015f bir end\u00fcstriyel tasar\u0131m sadece T\u00fcrkiye s\u0131n\u0131rlar\u0131 i\u00e7inde ge\u00e7erlidir.<\/p>\n\n\n\n<p><strong>ULUSLAR ARASI END\u00dcSTR\u0130YEL TASARIM TESC\u0130L\u0130<\/strong><\/p>\n\n\n\n<p style=\"font-size:14px\">T\u00fcrk Patent Enstit\u00fcs\u00fc taraf\u0131ndan verilen Tasar\u0131m Tescil Belgesi, sadece T\u00fcrkiye s\u0131n\u0131rlar\u0131 dahilinde tasar\u0131m korumas\u0131 sa\u011flamaktad\u0131r. Bu nedenle tasar\u0131m korumas\u0131 ald\u0131\u011f\u0131n\u0131z \u00fcr\u00fcn\u00fcn ba\u015fka bir \u00fclkede sat\u0131\u015f\u0131 s\u00f6z konusu oldu\u011funda, bu tescil belgesi sizi korumayacakt\u0131r. Bu durumda T\u00fcrkiye d\u0131\u015f\u0131nda tasar\u0131m korumas\u0131 ve taklit edilmesinin \u00f6nlenmesi amac\u0131 ile yurtd\u0131\u015f\u0131nda da tasar\u0131m tescil ba\u015fvurular\u0131 yapman\u0131z gerekir.<\/p>\n\n\n\n<p style=\"font-size:14px\">T\u00fcrkiye\u2019nin 1 Ocak 2005 tarihinden itibaren End\u00fcstriyel Tasar\u0131mlar\u0131n Uluslararas\u0131 Tescili\u2019ne ili\u015fkin Lahey Anla\u015fmas\u0131\u2019n\u0131n Cenevre Metni\u2019ne kat\u0131lmas\u0131 ile birlikte, geli\u015ftirilen tasar\u0131m i\u00e7in tek bir uluslararas\u0131 end\u00fcstriyel tasar\u0131m ba\u015fvurusu yaparak birden fazla \u00fclkede tasar\u0131m tescili elde etmek m\u00fcmk\u00fcnd\u00fcr. Uluslararas\u0131 bu sistemde, tescil ile ilgili t\u00fcm i\u015flemler tek bir merkezden y\u00fcr\u00fct\u00fclmekte olup; se\u00e7ilen \u00fclkelerde tek dilde, bir kez \u00fccret \u00f6deyerek ve tek bir ba\u015fvuruyla ulusal tasar\u0131m\u0131n korumas\u0131na e\u015fde\u011fer bir koruma elde edilebilir. Sistem; i\u015flemin s\u00fcresi, s\u00fcreci ve maliyeti a\u00e7\u0131s\u0131ndan ba\u015fvuru sahibine kolayl\u0131k sa\u011flamaktad\u0131r.<\/p>\n\n\n\n<p style=\"font-size:14px\">Cenevre Metnine \u00fcye olan di\u011fer \u00fclkeler \u015funlard\u0131r: Afrika Fikri M\u00fclkiyet Organizasyonu, Arnavutluk, Ermenistan, Bosna Hersek, Botsvana, Bulgaristan, H\u0131rvatistan, Danimarka, M\u0131s\u0131r, Estonya, Avrupa Birli\u011fi, Fransa, G\u00fcrcistan, Gana, Macaristan, \u0130zlanda, K\u0131rg\u0131zistan, Latviya, Lihten\u015ftayn, Litvanya, Mo\u011folistan, Sao Tome ve Principe, Namibya, Moldova, Romanya, Singapur, Slovenya, \u0130spanya, \u0130svi\u00e7re, Suriye, Makendonya, Ukrayna.<\/p>\n","protected":false},"excerpt":{"rendered":"<p>End\u00fcstriyel tasar\u0131m tescili ile sa\u011flanan koruma, ba\u015fvuru tarihiden itibaren 25 y\u0131l\u0131 kapsar. Ancak ba\u015fvuru tarihinden itibaren 5\u2019er y\u0131ll\u0131k d\u00f6nemlerde gerekli \u00fccretlerin \u00f6denmesi suretiyle 5 y\u0131l i\u00e7in End\u00fcstriyel tasar\u0131m tescil belgesi yenilenebilir. Bu \u015fartla \u00a0koruma, ba\u015fvuru tarihiden itibaren 25 y\u0131l\u0131 kapsar . Bu tarihten sonra tasar\u0131m art\u0131k kamuya malolur ve herkes taraf\u0131ndan \u00f6zg\u00fcrce kullan\u0131labilinir. End\u00fcstriyel tasar\u0131mlar &hellip; <\/p>\n<p class=\"link-more\"><a href=\"https:\/\/www.bosphoruspatent.com\/?page_id=41\" class=\"more-link\">Okumaya devam et<span class=\"screen-reader-text\"> &#8220;End\u00fcstriyel Tasar\u0131m&#8221;<\/span><\/a><\/p>\n","protected":false},"author":1,"featured_media":0,"parent":0,"menu_order":0,"comment_status":"closed","ping_status":"closed","template":"","meta":[],"_links":{"self":[{"href":"https:\/\/www.bosphoruspatent.com\/index.php?rest_route=\/wp\/v2\/pages\/41"}],"collection":[{"href":"https:\/\/www.bosphoruspatent.com\/index.php?rest_route=\/wp\/v2\/pages"}],"about":[{"href":"https:\/\/www.bosphoruspatent.com\/index.php?rest_route=\/wp\/v2\/types\/page"}],"author":[{"embeddable":true,"href":"https:\/\/www.bosphoruspatent.com\/index.php?rest_route=\/wp\/v2\/users\/1"}],"replies":[{"embeddable":true,"href":"https:\/\/www.bosphoruspatent.com\/index.php?rest_route=%2Fwp%2Fv2%2Fcomments&post=41"}],"version-history":[{"count":6,"href":"https:\/\/www.bosphoruspatent.com\/index.php?rest_route=\/wp\/v2\/pages\/41\/revisions"}],"predecessor-version":[{"id":180,"href":"https:\/\/www.bosphoruspatent.com\/index.php?rest_route=\/wp\/v2\/pages\/41\/revisions\/180"}],"wp:attachment":[{"href":"https:\/\/www.bosphoruspatent.com\/index.php?rest_route=%2Fwp%2Fv2%2Fmedia&parent=41"}],"curies":[{"name":"wp","href":"https:\/\/api.w.org\/{rel}","templated":true}]}}