{"id":52,"date":"2022-12-10T23:29:35","date_gmt":"2022-12-10T23:29:35","guid":{"rendered":"https:\/\/www.bosphoruspatent.com\/?page_id=52"},"modified":"2022-12-10T23:33:24","modified_gmt":"2022-12-10T23:33:24","slug":"marka-tescili-ile-sahip-olunan-haklar","status":"publish","type":"page","link":"https:\/\/www.bosphoruspatent.com\/?page_id=52","title":{"rendered":"Marka Tescili ile Sahip Olunan Haklar"},"content":{"rendered":"\n<p><strong>MARKA TESC\u0130L\u0130N\u0130N SA\u011eLADI\u011eI HAKLAR<\/strong><\/p>\n\n\n\n<p style=\"font-size:14px\">Markan\u0131n korunmas\u0131n\u0131n \u015fekli ve maddi \u015fart\u0131 tescildir. Marka hakk\u0131 kural olarak tescil ile elde edilir ve marka korunmas\u0131 tescil ile ba\u015flar.\u00a0<strong>&#8220;Marka&#8221;<\/strong>\u00a0tescil edilmi\u015f i\u015faretlere verilen add\u0131r.<br><br>Markaya sa\u011flanan koruma, kural olarak, tescilin kapsam\u0131na giren mal ve hizmetler ile s\u0131n\u0131rl\u0131d\u0131r. Ancak tan\u0131nm\u0131\u015f markalar farkl\u0131 mal ve hizmetlerle de korunabilirler. Tescilli bir markan\u0131n ayn\u0131, benzeri veya ay\u0131rt edilemeyecek kadar benzeri olan, bu sebeple halk taraf\u0131ndan kar\u0131\u015ft\u0131r\u0131lma ihtimali bulunan ticaretlerin;Tescil talebi TPE taraf\u0131ndan reddolunabilir,<br>Tesciline itiraz edilebilir ve tescil talebi reddolunabilir,<br>Tescil edilmeleri halinde h\u00fck\u00fcms\u00fczl\u00fck davas\u0131 a\u00e7\u0131labilirve i\u015faret terkin olunabilir,<br>Tescilsiz olarak izin al\u0131nmadan kullan\u0131lmalar\u0131\u00a0halinde bu durum marka hakk\u0131na tecav\u00fcz olu\u015fturabilir. Bu durumda tescilli marka hakk\u0131 sahibi, marka hakk\u0131na tecav\u00fcz\u00fcn \u00f6nlenmesi ve bu nedenle u\u011frad\u0131\u011f\u0131 zarar\u0131n tazmini i\u00e7in maddi ve manevi tazminat taleplerini havi hukuk davalar\u0131 ile ceza davalar\u0131 a\u00e7abilir.<br>T\u00fcriye\u2019de tescil edilmi\u015f markay\u0131 ta\u015f\u0131yan mal\u0131n;<br>&#8211; \u00a0Bir ba\u015fkas\u0131 taraf\u0131ndan T\u00fcrkiye&#8217;ye fiilen ithal edilmi\u015f ve T\u00fcrk g\u00fcmr\u00fcklerine gelmi\u015fse, &#8211; Mal yurt d\u0131\u015f\u0131nda olmakla beraber, teslimi teklif edilmi\u015fse ya da, bir fuarda sat\u0131\u015fa arz i\u00e7in haz\u0131rl\u0131klar yap\u0131lm\u0131\u015fsa, markan\u0131n sahibi ithali\u00a0\u00f6nleyebilir.<\/p>\n","protected":false},"excerpt":{"rendered":"<p>MARKA TESC\u0130L\u0130N\u0130N SA\u011eLADI\u011eI HAKLAR Markan\u0131n korunmas\u0131n\u0131n \u015fekli ve maddi \u015fart\u0131 tescildir. Marka hakk\u0131 kural olarak tescil ile elde edilir ve marka korunmas\u0131 tescil ile ba\u015flar.\u00a0&#8220;Marka&#8221;\u00a0tescil edilmi\u015f i\u015faretlere verilen add\u0131r. Markaya sa\u011flanan koruma, kural olarak, tescilin kapsam\u0131na giren mal ve hizmetler ile s\u0131n\u0131rl\u0131d\u0131r. Ancak tan\u0131nm\u0131\u015f markalar farkl\u0131 mal ve hizmetlerle de korunabilirler. Tescilli bir markan\u0131n ayn\u0131, &hellip; <\/p>\n<p class=\"link-more\"><a href=\"https:\/\/www.bosphoruspatent.com\/?page_id=52\" class=\"more-link\">Okumaya devam et<span class=\"screen-reader-text\"> &#8220;Marka Tescili ile Sahip Olunan Haklar&#8221;<\/span><\/a><\/p>\n","protected":false},"author":1,"featured_media":0,"parent":0,"menu_order":0,"comment_status":"closed","ping_status":"closed","template":"","meta":[],"_links":{"self":[{"href":"https:\/\/www.bosphoruspatent.com\/index.php?rest_route=\/wp\/v2\/pages\/52"}],"collection":[{"href":"https:\/\/www.bosphoruspatent.com\/index.php?rest_route=\/wp\/v2\/pages"}],"about":[{"href":"https:\/\/www.bosphoruspatent.com\/index.php?rest_route=\/wp\/v2\/types\/page"}],"author":[{"embeddable":true,"href":"https:\/\/www.bosphoruspatent.com\/index.php?rest_route=\/wp\/v2\/users\/1"}],"replies":[{"embeddable":true,"href":"https:\/\/www.bosphoruspatent.com\/index.php?rest_route=%2Fwp%2Fv2%2Fcomments&post=52"}],"version-history":[{"count":4,"href":"https:\/\/www.bosphoruspatent.com\/index.php?rest_route=\/wp\/v2\/pages\/52\/revisions"}],"predecessor-version":[{"id":58,"href":"https:\/\/www.bosphoruspatent.com\/index.php?rest_route=\/wp\/v2\/pages\/52\/revisions\/58"}],"wp:attachment":[{"href":"https:\/\/www.bosphoruspatent.com\/index.php?rest_route=%2Fwp%2Fv2%2Fmedia&parent=52"}],"curies":[{"name":"wp","href":"https:\/\/api.w.org\/{rel}","templated":true}]}}