{"id":76,"date":"2022-12-11T00:10:37","date_gmt":"2022-12-11T00:10:37","guid":{"rendered":"https:\/\/www.bosphoruspatent.com\/?page_id=76"},"modified":"2022-12-11T00:10:37","modified_gmt":"2022-12-11T00:10:37","slug":"patent-tescili-ile-sahip-olunan-haklar","status":"publish","type":"page","link":"https:\/\/www.bosphoruspatent.com\/?page_id=76","title":{"rendered":"Patent Tescili ile Sahip Olunan Haklar"},"content":{"rendered":"\n<figure class=\"wp-block-table is-style-regular\" style=\"font-size:14px\"><table><tbody><tr><td><strong>Patent Belgesi Sahibinin Haklar\u0131 Nelerdir?<\/strong><br>\u00dc\u00e7\u00fcnc\u00fc ki\u015filerin \u00fcretmesini, satmas\u0131n\u0131, kullanmas\u0131n\u0131 veya ithal etmesini ya da bu ama\u00e7lar i\u00e7in ki\u015fisel ihtiya\u00e7tan ba\u015fka herhangi bir nedenle elde bulundurmas\u0131n\u0131 engelleme hakk\u0131nda sahip olur.Lisans anla\u015fmalar\u0131 yoluyla i\u00e7 ya da d\u0131\u015f piyasalarda de\u011fi\u015fik \u015fekillerde pazarlayarak gelir elde edebilir. Patent rehine konu olabilir, teminat olarak verilebilir.Kendi pazar alan\u0131nda kimseye lisans vermeyerek tek kaynak (tek \u00fcretici) olma ve rakiplerinin pazar hacmini daraltma \u015fans\u0131na sahip olur.Patent hakk\u0131 sahibi, bulu\u015fun yeri, teknoloji alan\u0131 ve \u00fcr\u00fcnlerin ithal veya yerli \u00fcretim olup olmad\u0131\u011f\u0131 konusunda herhangi bir ay\u0131r\u0131m yapmaks\u0131z\u0131n patent hakk\u0131ndan yararlan\u0131r. Patent sahibinin, \u00fc\u00e7\u00fcnc\u00fc ki\u015filer taraf\u0131ndan izinsiz olarak a\u015fa\u011f\u0131da say\u0131lanlar\u0131n yap\u0131lmas\u0131n\u0131 \u00f6nleme hakk\u0131 vard\u0131r.a &#8211; Patent konusu \u00fcr\u00fcn\u00fcn \u00fcretilmesi, sat\u0131lmas\u0131, kullan\u0131lmas\u0131 veya ithal edilmesi veya bu ama\u00e7lar i\u00e7in ki\u015fisel ihtiya\u00e7tan ba\u015fka herhangi bir nedenle olursa olsun elde bulundurulmas\u0131;b &#8211; Patent konusu olan bir usul\u00fcn kullan\u0131lmas\u0131;c &#8211; Kullan\u0131lmas\u0131n\u0131n yasak oldu\u011fu bilinen veya bilinmesi gereken usul patentinin kullan\u0131lmas\u0131n\u0131n \u00fc\u00e7\u00fcnc\u00fc ki\u015filer taraf\u0131ndan ba\u015fkalar\u0131na teklif edilmesi,d &#8211; Patent konusu usul ile do\u011frudan do\u011fruya elde edilen \u00fcr\u00fcnlerin sat\u0131\u015fa sunulmas\u0131 veya kullan\u0131lmas\u0131 veya ithal edilmesi veya bu ama\u00e7lar i\u00e7in ki\u015fisel ihtiya\u00e7tan ba\u015fka herhangi bir nedenle olursa olsun elde bulundurulmas\u0131.<\/td><\/tr><\/tbody><\/table><\/figure>\n","protected":false},"excerpt":{"rendered":"<p>Patent Belgesi Sahibinin Haklar\u0131 Nelerdir?\u00dc\u00e7\u00fcnc\u00fc ki\u015filerin \u00fcretmesini, satmas\u0131n\u0131, kullanmas\u0131n\u0131 veya ithal etmesini ya da bu ama\u00e7lar i\u00e7in ki\u015fisel ihtiya\u00e7tan ba\u015fka herhangi bir nedenle elde bulundurmas\u0131n\u0131 engelleme hakk\u0131nda sahip olur.Lisans anla\u015fmalar\u0131 yoluyla i\u00e7 ya da d\u0131\u015f piyasalarda de\u011fi\u015fik \u015fekillerde pazarlayarak gelir elde edebilir. Patent rehine konu olabilir, teminat olarak verilebilir.Kendi pazar alan\u0131nda kimseye lisans vermeyerek tek &hellip; <\/p>\n<p class=\"link-more\"><a href=\"https:\/\/www.bosphoruspatent.com\/?page_id=76\" class=\"more-link\">Okumaya devam et<span class=\"screen-reader-text\"> &#8220;Patent Tescili ile Sahip Olunan Haklar&#8221;<\/span><\/a><\/p>\n","protected":false},"author":1,"featured_media":0,"parent":0,"menu_order":0,"comment_status":"closed","ping_status":"closed","template":"","meta":[],"_links":{"self":[{"href":"https:\/\/www.bosphoruspatent.com\/index.php?rest_route=\/wp\/v2\/pages\/76"}],"collection":[{"href":"https:\/\/www.bosphoruspatent.com\/index.php?rest_route=\/wp\/v2\/pages"}],"about":[{"href":"https:\/\/www.bosphoruspatent.com\/index.php?rest_route=\/wp\/v2\/types\/page"}],"author":[{"embeddable":true,"href":"https:\/\/www.bosphoruspatent.com\/index.php?rest_route=\/wp\/v2\/users\/1"}],"replies":[{"embeddable":true,"href":"https:\/\/www.bosphoruspatent.com\/index.php?rest_route=%2Fwp%2Fv2%2Fcomments&post=76"}],"version-history":[{"count":1,"href":"https:\/\/www.bosphoruspatent.com\/index.php?rest_route=\/wp\/v2\/pages\/76\/revisions"}],"predecessor-version":[{"id":78,"href":"https:\/\/www.bosphoruspatent.com\/index.php?rest_route=\/wp\/v2\/pages\/76\/revisions\/78"}],"wp:attachment":[{"href":"https:\/\/www.bosphoruspatent.com\/index.php?rest_route=%2Fwp%2Fv2%2Fmedia&parent=76"}],"curies":[{"name":"wp","href":"https:\/\/api.w.org\/{rel}","templated":true}]}}